et b(p) = p**3 - 10*p**2 - 13*p + 19. Calculate b(11).
-3
Let z(c) = 4*c**2 + 3*c + 3. What is z(3)?
48
Let c(d) = -21*d**2 - 2*d - 1. What is c(-1)?
-20
Let m(j) = -j**3 + 8*j**2 - 6*j - 21. What is m(5)?
24
Let h(l) = -l**3 - 4*l**2 - 6*l - 4. What is h(-2)?
0
Let y(p) = p + 3. Give y(13).
16
Let y(q) = -3*q - 19. What is y(-4)?
-7
Let m(z) = 2*z**2 + 4*z + 2. Give m(-4).
18
Let h(i) = 3*i**2 + 2*i. Determine h(-3).
21
Let v(z) = z**3 + 3*z**2 + 3*z - 1. What is v(-3)?
-10
Let c(f) = f**3 + 25*f**2 - f - 22. What is c(-25)?
3
Let o(b) = -b**3 + 7*b**2 + 4*b - 6. Determine o(6).
54
Let w(d) = d**2 - 7. Determine w(4).
9
Let o(l) = -2*l + 3. Give o(1).
1
Let b(n) = n**3 - 28*n**2 + 54*n - 63. What is b(26)?
-11
Let c(b) = b**2 + 5*b + 8. Calculate c(-4).
4
Let d(v) = -v**3. What is d(0)?
0
Let x(c) = -9*c**2 - c - 1. Determine x(-2).
-35
Let w(g) = -5*g**3 + 3*g**2 + 3*g + 1. What is w(-1)?
6
Let c(x) = -x**2 + 5*x - 8. Calculate c(8).
-32
Let q(g) = g**3 + 20*g**2 - 21*g - 25. Determine q(-21).
-25
Let o(z) = -z**2 + 10*z + 9. Give o(10).
9
Let r(u) = u**2 + 10*u + 13. Determine r(-6).
-11
Let l(d) = d**3 - 4*d**2 + d + 5. Calculate l(3).
-1
Let r(l) = l**2 + 32*l + 136. Determine r(-5).
1
Let p(x) = -16*x**3 + x**2 - 2*x + 1. What is p(1)?
-16
Let f(i) = i**3 + 10*i**2 - 13*i - 17. Determine f(-11).
5
Let n(j) = -j**3 - 23*j**2 - 2*j - 45. Calculate n(-23).
1
Let f(m) = m**3 + 7*m**2 - 4*m - 47. What is f(-6)?
13
Let t(n) = n**2 + 14*n - 103. What is t(-19)?
-8
Let v(p) = -p**3 - 6*p**2 - 3*p + 2. Determine v(-5).
-8
Let l(u) = -53*u + 159. Calculate l(3).
0
Let q(g) = -6*g + 40. Determine q(6).
4
Let j(l) = 5*l - 6. What is j(4)?
14
Let v(k) = -8*k + 2. Calculate v(1).
-6
Let t(c) = c**2 + 2*c - 17. Give t(-5).
-2
Let o(a) = -3*a - 5. Determine o(2).
-11
Let c(v) = v**3 + 6*v**2 - 6*v + 10. Determine c(-7).
3
Let a(z) = -z**3 - 22*z**2 + 23*z + 19. What is a(-23)?
19
Let d(i) = -i**3 + 18*i**2 + 16*i + 53. Give d(19).
-4
Let p(s) = -12*s**2 - 2. Give p(-1).
-14
Let t(x) = -13*x - 4. Calculate t(2).
-30
Let c(z) = z**3 - 7*z**2 + 2*z - 24. Give c(7).
-10
Let h(c) = -c**3 - c + 1. Give h(-2).
11
Let f(b) = 2*b - 27. Determine f(5).
-17
Let t(v) = v**3 - 4*v**2 - 13*v + 5. What is t(6)?
-1
Let b(s) = -5*s - 85. Calculate b(-20).
15
Let g(u) = -7*u. What is g(-2)?
14
Let i(h) = -46*h + 2. Give i(-2).
94
Let t(a) = -a**2 + 12*a + 5. Give t(12).
5
Let d(n) = n**3 + 6*n**2 - 4*n + 6. Determine d(-7).
-15
Let f(p) = 3*p + 20. Determine f(-5).
5
Let l(b) = -2*b**3 + 2*b**2 - 2*b - 11. Calculate l(0).
-11
Let f(x) = x**3 + 17*x**2 - 13*x + 84. What is f(-18)?
-6
Let i(w) = w**2 + 16*w + 14. Determine i(-15).
-1
Let x(h) = h**3 - 6*h**2 - h. Calculate x(5).
-30
Let t(v) = -6*v - 3. What is t(-1)?
3
Let p(o) = -o**2 + 5*o + 12. Determine p(8).
-12
Let d(m) = -m**3 - 14*m**2 - 16*m + 15. Give d(-13).
54
Let x(c) = -c**2 + 13*c + 1. Determine x(14).
-13
Let l(d) = d**2 - 6*d - 2. What is l(6)?
-2
Let h(m) = -m**2 + 7*m - 8. Give h(5).
2
Let v(p) = p**2 + 4. Determine v(3).
13
Let p(u) = -u**2 + 13*u + 4. Give p(14).
-10
Let y(l) = -l**2 + 8*l - 4. Give y(3).
11
Let g(j) = 2*j**3 + 4*j**2 + j - 2. Give g(-2).
-4
Let r(t) = -4*t + 50. Give r(15).
-10
Let x(z) = -z**3 + 9*z**2 + 9*z - 11. Determine x(10).
-21
Let l(m) = 4*m - 10. Determine l(4).
6
Let c(m) = m**3 + 11*m**2 - 3*m + 6. Give c(-10).
136
Let z(b) = 14*b**2. Determine z(-2).
56
Let v(w) = -w**2 - 6*w - 1. What is v(-6)?
-1
Let r(u) = u**3 + 29*u**2 + 27*u - 69. Determine r(-28).
-41
Let r(m) = m**2 + 8*m - 7. What is r(-10)?
13
Let t(u) = u**2 + 8*u + 21. Calculate t(-6).
9
Let t(v) = 17*v**3 - 2*v**2 + 1. Determine t(1).
16
Let u(m) = m**2 + m + 1. Determine u(4).
21
Let d(l) = -15*l**3 + 2*l + 1. What is d(-1)?
14
Let b(p) = p**2 - 4*p - 2. Calculate b(4).
-2
Let j(n) = -n**2 + 14*n - 13. Determine j(14).
-13
Let h(b) = b + 2. Give h(-1).
1
Let p(c) = -2*c**2 - 4*c + 4. Calculate p(-4).
-12
Let b(x) = 3*x**2 + 14*x - 2. Give b(-6).
22
Let x(y) = -y**2 + 16*y - 10. Give x(20).
-90
Let j(t) = -8*t**3 + 3*t**2 + 2*t - 4. Calculate j(1).
-7
Let h(d) = d**3 - 14*d**2 + 35*d + 14. What is h(10)?
-36
Let l(x) = x**3 + 7*x**2 + 20*x + 80. Calculate l(-6).
-4
Let w(h) = 6*h + 25. What is w(-15)?
-65
Let m(f) = 8*f + 2. Calculate m(1).
10
Let h(w) = 16*w**3 + 3*w - 2. What is h(1)?
17
Let u(a) = -7*a**3 + 3*a**2 + a. Calculate u(1).
-3
Let a(m) = m**2 - 7*m - 1. Calculate a(5).
-11
Let y(l) = -2*l**2 + 12*l - 11. Calculate y(1).
-1
Let w(q) = q**2 - 6*q - 40. Determine w(-10).
120
Let i(w) = -4*w + 40. Calculate i(10).
0
Let o(a) = a**2 - 3*a + 4. Determine o(0).
4
Let i(j) = -8*j**2 - 10*j + 36. Calculate i(-3).
-6
Let n(q) = 2*q**2 - 39*q - 159. Determine n(23).
2
Let i(f) = f**3 + 11*f**2 + 12*f + 19. Calculate i(-10).
-1
Let z(d) = -d**2 + 10*d + 7. Give z(11).
-4
Let a(l) = -4*l - 31. Give a(-9).
5
Let g(l) = l**3 + 17*l**2 + 19*l + 43. Determine g(-16).
-5
Let r(m) = 3*m**3 - 2*m**2 + 3*m - 1. Give r(2).
21
Let j(n) = 2*n**3 - 5*n**2 - 5*n + 6. Determine j(4).
34
Let w(t) = t**2 + 98*t + 471. Give w(-5).
6
Let b(l) = l**3 + 4*l**2 + l + 6. Determine b(-4).
2
Let i(p) = -p + 10. Determine i(7).
3
Let c(z) = -2*z**3 + 5*z**2 + 17*z + 2. What is c(-2)?
4
Let t(u) = -u**2 - 4*u + 1. Give t(-5).
-4
Let y(b) = -b**2 + 13*b - 6. Give y(11).
16
Let w(v) = -v**2 - 8*v + 17. What is w(-7)?
24
Let a(b) = b**2 - 25*b + 5. Calculate a(25).
5
Let v(k) = 6*k - 34. What is v(-7)?
-76
Let m(k) = 2*k**3 - 7*k**2 - k + 4. Calculate m(3).
-8
Let q(x) = x**2 - 6*x + 1. Determine q(3).
-8
Let z(w) = -w**3 - w - 44. Give z(0).
-44
Let b(i) = 3*i**2 - i - 3. What is b(5)?
67
Let l(m) = m**2 - 2*m - 2. Calculate l(-2).
6
Let z(y) = 3*y - 26. What is z(10)?
4
Let j(k) = 2*k**3 - 31*k**2 + 14*k + 33. Calculate j(15).
18
Let g(b) = b**2 - 26*b + 32. Determine g(25).
7
Let i(l) = l + 1. Give i(10).
11
Let y(z) = 27*z**2 + z. Determine y(1).
28
Let q(g) = g**3 - 10*g**2 + 7*g + 8. Give q(7).
-90
Let f(u) = -4*u - 2. What is f(-2)?
6
Let a(k) = 36*k - 113. Calculate a(5).
67
Let w(k) = k**3 + 6*k**2 - 13*k - 85. Give w(-6).
-7
Let i(m) = m**3 + 10*m**2 - 10*m + 12. Determine i(-11).
1
Let q(f) = -13*f + 6. Calculate q(5).
-59
Let h(s) = -11*s + 52. What is h(5)?
-3
Let l(g) = g**3 + 6*g**2 - g + 1. Give l(-6).
7
Let r(d) = d**2 - 12*d - 96. Calculate r(15).
-51
Let o(g) = -10*g**3 + 2*g**2 - 5*g + 3. Determine o(1).
-10
Let z(o) = 3*o - 40. Determine z(12).
-4
Let l(s) = 28*s**3 - 3*s**2 - s + 3. Calculate l(1).
27
Let x(b) = b**3 + 19*b**2 - 12*b + 156. Calculate x(-20).
-4
Let k(y) = -3*y + 34. Give k(-9).
61
Let p(k) = -k**2 + 14*k - 8. Give p(13).
5
Let y(z) = 2*z + 4. Determine y(6).
16
Let d(g) = 7*g**2 + 9*g + 3. Calculate d(2).
49
Let x(b) = -b**2 + 2*b + 61. Determine x(0).
61
Let j(k) = -3*k**3 + 3*k**2 - k. Give j(2).
-14
Let z(j) = -j**2 + 10*j + 21. Calculate z(12).
-3
Let z(r) = r**3 - 4*r**2 - 14*r + 5. What is z(6)?
-7
Let j(y) = -y**3 + y**2 + 14*y + 7. Calculate j(-3).
1
Let b(r) = -7*r**2 + 6*r + 29. Calculate b(-4).
-107
Let k(i) = 8*i + 5. Calculate k(-4).
-27
Let g(p) = -p**3 - 8*p**2 - p - 12. What is g(-8)?
-4
Let b(u) = 5*u**2 + 2*u - 1. What is b(2)?
23
Let c(s) = -s**2 + 10. Determine c(-5).
-15
Let f(u) = u + 20. Give f(-12).
8
Let t(p) = -p**2 + 7*p - 13. Give t(6).
-7
Let n(l) = -12*l + 21. What is n(0)?
21
Let j(b) = b**3 - 6*b**2 + 9*b - 37. Determine j(5).
-17
Let y(s) = 2*s**3 - 5*s**2 - s + 5. What is y(3)?
11
Let v(n) = 9*n**3 + 2*n**2 - 2*n + 1. Calculate v(1).
10
Let p(n) = -n**3 + 8*n**2 - 12*n + 16. Determine p(8).
-80
Let n(v) = -v**2 + 2*v + 15. Determine n(5).
0
Let s(i) = i**2 + 5*i. Determine s(-5).
0
Let f(c) = -4*c + 18. What is f(6)?
-6
Let n(p) = p**3 - 29*p**2 + 27*p + 46. What is n(28)?
18
Let b(z) = -z**3 + 12*z**2 - 2*z + 14. What is b(12)?
-10
Let v(f) = f - 6. Calculate v(2).
-4
Let q(i) = -3*i**2 + 4*i - 1. What is q(3)?
-16
Let q(i) = 14*i + 5. Calculate q(-4).
-51
Let f(m) = -4*m - 24. Calculate f(-12).
24
Let x(g) = 96*g + 9. What is x(-1)?
-87
Let j(p) = -p**3 - p**2 + 4*p + 9. What is j(-4)?
41
Let g(a) = -22*a + 3. Calculate g(-4).
91
Let q(l) = -8*l + 146. Give q(18).
2
Let j(f) = -5*f + 131. Give j(27).
-4
Let c(o) = -o**3 - 9*o**2 + 11*o + 1. Determine c(-10)